[INFO] cloning repository https://github.com/deep-dive-studios/swarm
[INFO] running `Command { std: "git" "-c" "credential.helper=" "-c" "credential.helper=/workspace/cargo-home/bin/git-credential-null" "clone" "--bare" "https://github.com/deep-dive-studios/swarm" "/workspace/cache/git-repos/https%3A%2F%2Fgithub.com%2Fdeep-dive-studios%2Fswarm", kill_on_drop: false }`
[INFO] [stderr] Cloning into bare repository '/workspace/cache/git-repos/https%3A%2F%2Fgithub.com%2Fdeep-dive-studios%2Fswarm'...
[INFO] running `Command { std: "git" "rev-parse" "HEAD", kill_on_drop: false }`
[INFO] [stdout] 344cb1f40c8acebdf311949f7607cfa613d75a76
[INFO] checking deep-dive-studios/swarm against try#72f88fc4e9458f89516a0b8b0868f3718aec5b47 for pr-74989
[INFO] running `Command { std: "git" "clone" "/workspace/cache/git-repos/https%3A%2F%2Fgithub.com%2Fdeep-dive-studios%2Fswarm" "/workspace/builds/worker-8/source", kill_on_drop: false }`
[INFO] [stderr] Cloning into '/workspace/builds/worker-8/source'...
[INFO] [stderr] done.
[INFO] validating manifest of git repo https://github.com/deep-dive-studios/swarm on toolchain 72f88fc4e9458f89516a0b8b0868f3718aec5b47
[INFO] running `Command { std: "/workspace/cargo-home/bin/cargo" "+72f88fc4e9458f89516a0b8b0868f3718aec5b47" "read-manifest" "--manifest-path" "Cargo.toml", kill_on_drop: false }`
[INFO] started tweaking git repo https://github.com/deep-dive-studios/swarm
[INFO] finished tweaking git repo https://github.com/deep-dive-studios/swarm
[INFO] tweaked toml for git repo https://github.com/deep-dive-studios/swarm written to /workspace/builds/worker-8/source/Cargo.toml
[INFO] crate git repo https://github.com/deep-dive-studios/swarm already has a lockfile, it will not be regenerated
[INFO] running `Command { std: "/workspace/cargo-home/bin/cargo" "+72f88fc4e9458f89516a0b8b0868f3718aec5b47" "fetch" "--locked" "--manifest-path" "Cargo.toml", kill_on_drop: false }`
[INFO] [stderr]     Updating git repository `https://github.com/deep-dive-studios/rust-attempt`
[INFO] [stderr] error: the lock file /workspace/builds/worker-8/source/Cargo.lock needs to be updated but --locked was passed to prevent this
[INFO] [stderr] If you want to try to generate the lock file without accessing the network, use the --offline flag.
[INFO] the lockfile is outdated, regenerating it
[INFO] running `Command { std: "/workspace/cargo-home/bin/cargo" "+72f88fc4e9458f89516a0b8b0868f3718aec5b47" "generate-lockfile" "--manifest-path" "Cargo.toml" "-Zno-index-update", kill_on_drop: false }`
[INFO] [stderr]     Blocking waiting for file lock on package cache
[INFO] [stderr]     Updating git repository `https://github.com/deep-dive-studios/rust-attempt`
[INFO] running `Command { std: "/workspace/cargo-home/bin/cargo" "+72f88fc4e9458f89516a0b8b0868f3718aec5b47" "fetch" "--locked" "--manifest-path" "Cargo.toml", kill_on_drop: false }`
[INFO] [stderr]     Blocking waiting for file lock on package cache
[INFO] [stderr]  Downloading crates ...
[INFO] [stderr]   Downloaded bytemuck v1.4.1
[INFO] [stderr]   Downloaded piston2d-gfx_graphics v0.70.0
[INFO] [stderr]   Downloaded piston_window v0.112.0
[INFO] [stderr]   Downloaded image v0.23.9
[INFO] running `Command { std: "docker" "create" "-v" "/var/lib/crater-agent-workspace/builds/worker-8/target:/opt/rustwide/target:rw,Z" "-v" "/var/lib/crater-agent-workspace/builds/worker-8/source:/opt/rustwide/workdir:ro,Z" "-v" "/var/lib/crater-agent-workspace/cargo-home:/opt/rustwide/cargo-home:ro,Z" "-v" "/var/lib/crater-agent-workspace/rustup-home:/opt/rustwide/rustup-home:ro,Z" "-e" "SOURCE_DIR=/opt/rustwide/workdir" "-e" "CARGO_TARGET_DIR=/opt/rustwide/target" "-e" "CARGO_HOME=/opt/rustwide/cargo-home" "-e" "RUSTUP_HOME=/opt/rustwide/rustup-home" "-w" "/opt/rustwide/workdir" "-m" "1610612736" "--user" "0:0" "--network" "none" "rustops/crates-build-env@sha256:d92eaeed33fa75130ca1ee6c8a01d1ffb62bac859dfdfb3450e3e5d1c0146529" "/opt/rustwide/cargo-home/bin/cargo" "+72f88fc4e9458f89516a0b8b0868f3718aec5b47" "metadata" "--no-deps" "--format-version=1", kill_on_drop: false }`
[INFO] [stdout] 8f5592bc5097da6db4e3f86b1da20462da9bd192c00b34b4c91c42cb538fdefb
[INFO] [stderr] WARNING: Your kernel does not support swap limit capabilities or the cgroup is not mounted. Memory limited without swap.
[INFO] running `Command { std: "docker" "start" "-a" "8f5592bc5097da6db4e3f86b1da20462da9bd192c00b34b4c91c42cb538fdefb", kill_on_drop: false }`
[INFO] running `Command { std: "docker" "inspect" "8f5592bc5097da6db4e3f86b1da20462da9bd192c00b34b4c91c42cb538fdefb", kill_on_drop: false }`
[INFO] running `Command { std: "docker" "rm" "-f" "8f5592bc5097da6db4e3f86b1da20462da9bd192c00b34b4c91c42cb538fdefb", kill_on_drop: false }`
[INFO] [stdout] 8f5592bc5097da6db4e3f86b1da20462da9bd192c00b34b4c91c42cb538fdefb
[INFO] running `Command { std: "docker" "create" "-v" "/var/lib/crater-agent-workspace/builds/worker-8/target:/opt/rustwide/target:rw,Z" "-v" "/var/lib/crater-agent-workspace/builds/worker-8/source:/opt/rustwide/workdir:ro,Z" "-v" "/var/lib/crater-agent-workspace/cargo-home:/opt/rustwide/cargo-home:ro,Z" "-v" "/var/lib/crater-agent-workspace/rustup-home:/opt/rustwide/rustup-home:ro,Z" "-e" "SOURCE_DIR=/opt/rustwide/workdir" "-e" "CARGO_TARGET_DIR=/opt/rustwide/target" "-e" "CARGO_INCREMENTAL=0" "-e" "RUST_BACKTRACE=full" "-e" "RUSTFLAGS=--cap-lints=forbid" "-e" "CARGO_HOME=/opt/rustwide/cargo-home" "-e" "RUSTUP_HOME=/opt/rustwide/rustup-home" "-w" "/opt/rustwide/workdir" "-m" "1610612736" "--user" "0:0" "--network" "none" "rustops/crates-build-env@sha256:d92eaeed33fa75130ca1ee6c8a01d1ffb62bac859dfdfb3450e3e5d1c0146529" "/opt/rustwide/cargo-home/bin/cargo" "+72f88fc4e9458f89516a0b8b0868f3718aec5b47" "check" "--frozen" "--all" "--all-targets" "--message-format=json", kill_on_drop: false }`
[INFO] [stdout] 4add460e629a395c9690a0cac38805d1f2072e0c0cb526a17856ca5ac1fda8b0
[INFO] [stderr] WARNING: Your kernel does not support swap limit capabilities or the cgroup is not mounted. Memory limited without swap.
[INFO] running `Command { std: "docker" "start" "-a" "4add460e629a395c9690a0cac38805d1f2072e0c0cb526a17856ca5ac1fda8b0", kill_on_drop: false }`
[INFO] [stderr]    Compiling autocfg v1.0.1
[INFO] [stderr]    Compiling libc v0.2.77
[INFO] [stderr]    Compiling libloading v0.6.3
[INFO] [stderr]     Checking piston-float v1.0.0
[INFO] [stderr]    Compiling syn v1.0.40
[INFO] [stderr]    Compiling rayon-core v1.8.0
[INFO] [stderr]     Checking adler32 v1.2.0
[INFO] [stderr]    Compiling serde_derive v1.0.116
[INFO] [stderr]    Compiling pkg-config v0.3.18
[INFO] [stderr]     Checking piston-graphics_api_version v1.0.0
[INFO] [stderr]     Checking downcast-rs v1.2.0
[INFO] [stderr]     Checking either v1.6.0
[INFO] [stderr]    Compiling cc v1.0.59
[INFO] [stderr]     Checking piston-texture v0.8.0
[INFO] [stderr]     Checking bytemuck v1.4.1
[INFO] [stderr]     Checking interpolation v0.2.0
[INFO] [stderr]     Checking read_color v1.0.0
[INFO] [stderr]     Checking attempt v0.1.1-dev (https://github.com/deep-dive-studios/rust-attempt#59b0c1d1)
[INFO] [stderr]    Compiling serde v1.0.116
[INFO] [stderr]     Checking piston-viewport v1.0.0
[INFO] [stderr]     Checking vecmath v1.0.0
[INFO] [stderr]     Checking miniz_oxide v0.3.7
[INFO] [stderr]     Checking shader_version v0.7.0
[INFO] [stderr]    Compiling log v0.4.11
[INFO] [stderr]     Checking deflate v0.8.6
[INFO] [stderr]     Checking draw_state v0.8.0
[INFO] [stderr]    Compiling wayland-client v0.21.13
[INFO] [stderr]    Compiling wayland-protocols v0.21.13
[INFO] [stderr]    Compiling gl_generator v0.14.0
[INFO] [stderr]    Compiling gl_generator v0.10.0
[INFO] [stderr]     Checking dlib v0.4.2
[INFO] [stderr]     Checking wayland-sys v0.21.13
[INFO] [stderr]     Checking gfx_core v0.9.2
[INFO] [stderr]    Compiling num-traits v0.2.12
[INFO] [stderr]    Compiling crossbeam-utils v0.7.2
[INFO] [stderr]    Compiling memoffset v0.5.5
[INFO] [stderr]    Compiling crossbeam-epoch v0.8.2
[INFO] [stderr]    Compiling num-integer v0.1.43
[INFO] [stderr]    Compiling rayon v1.4.0
[INFO] [stderr]    Compiling num-rational v0.3.0
[INFO] [stderr]    Compiling num-iter v0.1.41
[INFO] [stderr]     Checking tiff v0.5.0
[INFO] [stderr]     Checking png v0.16.7
[INFO] [stderr]    Compiling x11-dl v2.18.5
[INFO] [stderr]     Checking nix v0.14.1
[INFO] [stderr]     Checking num_cpus v1.13.0
[INFO] [stderr]     Checking parking_lot_core v0.6.2
[INFO] [stderr]     Checking memmap v0.7.0
[INFO] [stderr]     Checking shared_library v0.1.9
[INFO] [stderr]     Checking raw-window-handle v0.3.3
[INFO] [stderr]     Checking osmesa-sys v0.1.2
[INFO] [stderr]     Checking parking_lot v0.9.0
[INFO] [stderr]    Compiling gl v0.11.0
[INFO] [stderr]     Checking crossbeam-channel v0.4.4
[INFO] [stderr]    Compiling glutin_glx_sys v0.1.7
[INFO] [stderr]    Compiling glutin_egl_sys v0.1.5
[INFO] [stderr]    Compiling gfx_gl v0.6.1
[INFO] [stderr]    Compiling libloading v0.5.2
[INFO] [stderr]     Checking crossbeam-deque v0.7.3
[INFO] [stderr]     Checking ordered-float v1.1.0
[INFO] [stderr]     Checking approx v0.3.2
[INFO] [stderr]     Checking line_drawing v0.7.0
[INFO] [stderr]     Checking rusttype v0.8.3
[INFO] [stderr]     Checking rusttype v0.7.9
[INFO] [stderr]     Checking piston2d-graphics v0.37.0
[INFO] [stderr]     Checking andrew v0.2.1
[INFO] [stderr]     Checking gfx v0.18.2
[INFO] [stderr]     Checking wayland-commons v0.21.13
[INFO] [stderr]     Checking jpeg-decoder v0.1.20
[INFO] [stderr]     Checking gfx_device_gl v0.16.2
[INFO] [stderr]     Checking image v0.23.9
[INFO] [stderr]     Checking smithay-client-toolkit v0.4.6
[INFO] [stderr]     Checking pistoncore-input v1.0.0
[INFO] [stderr]     Checking winit v0.19.5
[INFO] [stderr]     Checking piston-gfx_texture v0.41.0
[INFO] [stderr]     Checking glutin v0.21.2
[INFO] [stderr]     Checking piston2d-gfx_graphics v0.70.0
[INFO] [stderr]     Checking pistoncore-window v0.47.0
[INFO] [stderr]     Checking pistoncore-event_loop v0.52.0
[INFO] [stderr]     Checking pistoncore-glutin_window v0.66.0
[INFO] [stderr]     Checking piston v0.52.0
[INFO] [stderr]     Checking piston_window v0.112.0
[INFO] [stderr]     Checking swarm v0.0.1 (/opt/rustwide/workdir)
[INFO] [stdout] error[E0277]: the trait bound `piston_window::PistonWindow: From<piston_window::WindowSettings>` is not satisfied
[INFO] [stdout]  --> src/main.rs:8:4
[INFO] [stdout]   |
[INFO] [stdout] 8 |         .into();
[INFO] [stdout]   |          ^^^^ the trait `From<piston_window::WindowSettings>` is not implemented for `piston_window::PistonWindow`
[INFO] [stdout]   |
[INFO] [stdout]   = note: required because of the requirements on the impl of `Into<piston_window::PistonWindow>` for `piston_window::WindowSettings`
[INFO] [stdout] 
[INFO] [stdout] 
[INFO] [stdout] error[E0277]: the trait bound `piston_window::PistonWindow: From<piston_window::WindowSettings>` is not satisfied
[INFO] [stdout]  --> src/main.rs:8:4
[INFO] [stdout]   |
[INFO] [stdout] 8 |         .into();
[INFO] [stdout]   |          ^^^^ the trait `From<piston_window::WindowSettings>` is not implemented for `piston_window::PistonWindow`
[INFO] [stdout]   |
[INFO] [stdout]   = note: required because of the requirements on the impl of `Into<piston_window::PistonWindow>` for `piston_window::WindowSettings`
[INFO] [stdout] 
[INFO] [stdout] 
[INFO] [stdout] error[E0599]: no method named `draw_2d` found for enum `Event` in the current scope
[INFO] [stdout]   --> src/main.rs:13:5
[INFO] [stdout]    |
[INFO] [stdout] 13 |         e.draw_2d(|_c, g| {
[INFO] [stdout]    |           ^^^^^^^ method not found in `Event`
[INFO] [stdout] 
[INFO] [stdout] 
[INFO] [stdout] error[E0599]: no method named `draw_2d` found for enum `Event` in the current scope
[INFO] [stdout]   --> src/main.rs:13:5
[INFO] [stdout]    |
[INFO] [stdout] 13 |         e.draw_2d(|_c, g| {
[INFO] [stdout]    |           ^^^^^^^ method not found in `Event`
[INFO] [stdout] 
[INFO] [stdout] 
[INFO] [stdout] error[E0277]: `Event` is not an iterator
[INFO] [stdout]   --> src/main.rs:20:13
[INFO] [stdout]    |
[INFO] [stdout] 20 |             for e in e.clone() {
[INFO] [stdout]    |                      ^^^^^^^^^ `Event` is not an iterator
[INFO] [stdout]    |
[INFO] [stdout]    = help: the trait `Iterator` is not implemented for `Event`
[INFO] [stdout]    = note: required by `into_iter`
[INFO] [stdout] 
[INFO] [stdout] 
[INFO] [stdout] error: aborting due to 3 previous errors
[INFO] [stdout] 
[INFO] [stdout] 
[INFO] [stdout] Some errors have detailed explanations: E0277, E0599.
[INFO] [stdout] 
[INFO] [stdout] For more information about an error, try `rustc --explain E0277`.
[INFO] [stdout] 
[INFO] [stdout] error[E0277]: `Event` is not an iterator
[INFO] [stdout]   --> src/main.rs:20:13
[INFO] [stdout]    |
[INFO] [stdout] 20 |             for e in e.clone() {
[INFO] [stdout]    |                      ^^^^^^^^^ `Event` is not an iterator
[INFO] [stdout]    |
[INFO] [stdout]    = help: the trait `Iterator` is not implemented for `Event`
[INFO] [stdout]    = note: required by `into_iter`
[INFO] [stdout] 
[INFO] [stdout] 
[INFO] [stdout] error: aborting due to 3 previous errors
[INFO] [stdout] 
[INFO] [stdout] 
[INFO] [stdout] Some errors have detailed explanations: E0277, E0599.
[INFO] [stdout] 
[INFO] [stderr] error: could not compile `swarm`.
[INFO] [stderr] 
[INFO] [stderr] To learn more, run the command again with --verbose.
[INFO] [stderr] warning: build failed, waiting for other jobs to finish...
[INFO] [stdout] For more information about an error, try `rustc --explain E0277`.
[INFO] [stdout] 
[INFO] [stderr] error: build failed
[INFO] running `Command { std: "docker" "inspect" "4add460e629a395c9690a0cac38805d1f2072e0c0cb526a17856ca5ac1fda8b0", kill_on_drop: false }`
[INFO] running `Command { std: "docker" "rm" "-f" "4add460e629a395c9690a0cac38805d1f2072e0c0cb526a17856ca5ac1fda8b0", kill_on_drop: false }`
[INFO] [stdout] 4add460e629a395c9690a0cac38805d1f2072e0c0cb526a17856ca5ac1fda8b0
